when 153 is divided by (0 + -4)/(-4) + 378/9.
24
Let r(t) = 2*t**2 + 23*t + 135. What is the remainder when r(-22) is divided by 40?
37
Let q(k) = -2*k + 7. Suppose -541*h = -523*h - 1206. Calculate the remainder when h is divided by q(-5).
16
Let g(c) = c**3 - 2*c**2 - 11*c - 7. Calculate the remainder when g(9) is divided by 21.
20
Let z = 56 - -69. What is the remainder when z is divided by 19?
11
Suppose m = 0, -3*m - 40 = -3*j - j. Suppose -6 = 8*q - j*q. What is the remainder when 42/4*(-4)/(-6) is divided by q?
1
Let p = 298 - -51. What is the remainder when p is divided by 11?
8
Let v(a) = 12*a + 13. Let d be (1 + 3 - 3)*-1. Let r(j) = -j - 1. Let c(p) = d*v(p) - 5*r(p). Calculate the remainder when c(-8) is divided by 13.
9
Let g(r) = 3*r**2 + 20*r + 22. Let u(m) = 2*m**2 + 13*m - 5 + 7 + 13. Let v(y) = -5*g(y) + 7*u(y). Calculate the remainder when v(-8) is divided by 2.
1
Suppose 3*v - 816 = -5*w, 2*v = -3*w + 1 + 488. Let b = -234 + 242. What is the remainder when w is divided by b?
5
Let z be -3*(0 - 1)/(-1). Let w be (6 - -6)/(z/2). What is the remainder when 33 + (-3)/((-12)/w) is divided by 11?
9
Let x = -92 + 213. Suppose -3*y = 4*w - 131, -y - 5*w + 33 = -18. What is the remainder when x is divided by y?
39
Let h be (32/20)/4*5. Let f = 4 + h. Suppose 3*c + 60 = f*c. What is the remainder when c is divided by 7?
6
Suppose 32 = -0*a + 4*a. Let t(n) = n**3 - 8*n**2 + 2. Suppose -4*v - 3*p + 8 = 0, 5*p - 2 + 12 = -2*v. Calculate the remainder when v is divided by t(a).
1
Suppose -4*p + 90 = 5*y, 3*p + 2*p - 81 = -4*y. Suppose -d = 5*q - 430, -3*d = -13 - 2. Let b = 124 - q. What is the remainder when b is divided by y?
11
Suppose -622 = -9*y - 73. What is the remainder when y is divided by 9?
7
Let h = 2178 + -2164. What is the remainder when 1917 is divided by h?
13
Let n(f) = 8*f - 3. Suppose 2*q - 5*s = -0*q + 9, 5*q - 9 = -s. Let k = q - 0. Calculate the remainder when 37 is divided by n(k).
11
Let q(c) = -16*c**3 - 4*c**2 - 8*c - 40. Calculate the remainder when q(-5) is divided by 11.
8
Suppose -30*o + 6517 = -11*o. What is the remainder when o is divided by 43?
42
What is the remainder when (5 - 2)*(-1 - (-41 - 5)) is divided by 28?
23
Let n = 561 + -547. Calculate the remainder when 4/18 + 304/9 is divided by n.
6
Let x = -139 + 308. Calculate the remainder when x is divided by 53.
10
Let g = -12 - -20. Let u(y) = y - 8*y - 8 + 9*y. What is the remainder when g is divided by u(6)?
0
Suppose 5*c + 59 = 489. Calculate the remainder when c is divided by 9.
5
Let i = -59 + 171. What is the remainder when i is divided by 40?
32
Suppose -s = 2*i - 30, s - 30 = -i - 3*i. Let t = 11 + 5. What is the remainder when s is divided by t?
14
Suppose 60*t - 60 = 56*t - 2*y, 2*t - 4*y - 50 = 0. Let u = -5 - -3. Calculate the remainder when t is divided by 10*1 + 2/u.
8
Let v = 7 + -1. Let i be ((-3)/(-5))/(v/30). Suppose 3*a + 33 = i*m, 4*a = -m + 2*a + 20. What is the remainder when 54 is divided by m?
12
Suppose 0 = 36*j - 42*j + 60. Let n = 9 + 20. What is the remainder when n is divided by j?
9
Let p(d) = -d**3 - 6*d**2 - 4*d + 1. Let b be p(-5). Let x = b - 10. Let a = x - -26. What is the remainder when 22 is divided by a?
10
Let c be (2/4)/(49/(-14) + 3). Calculate the remainder when (c*36)/(-2)*12/8 is divided by 6.
3
Suppose 0 = 3*o - 8*o - 2*t + 22, -2*o + 24 = -3*t. Calculate the remainder when (o - (-184)/(-20))/(4/(-70)) is divided by 23.
10
Let p(a) = a**3 + 10*a**2 - 4*a + 10. Let f be p(-7). Suppose -6*j + f = -j. Calculate the remainder when j is divided by 19.
18
Let p = 3 - -1. Suppose p*h = 484 - 128. What is the remainder when h is divided by (-12)/(-66) - 251/(-11)?
20
Calculate the remainder when 185 is divided by ((-2)/((-8)/69))/(243/1296).
1
Let r be (-24)/(-9)*(-3)/2. Let g be (-21)/(-28) - 1/r. Calculate the remainder when ((-9)/(-15))/(g/35) is divided by 12.
9
Suppose -114*k + 471 = -111*k. Calculate the remainder when k is divided by 54.
49
Let s = 29 - 18. Let m = s + -14. Let u = m - -22. What is the remainder when 35 is divided by u?
16
Suppose 248*x = 246*x + 270. Calculate the remainder when x is divided by 71.
64
Suppose 1725 = -6*g + 2445. What is the remainder when g is divided by 55?
10
Let b be ((-36)/5)/((-11)/(275/10)). Suppose 5*g - 90 = -0*y - y, -g = y - b. What is the remainder when 33 is divided by g?
15
Let g(z) = 28*z**2 - 2*z + 2. Calculate the remainder when g(-2) is divided by 63.
55
Let i(b) = b**2 + 6 - 1 - 7*b + 0. Let z be -1 - (-32)/4 - -2. What is the remainder when i(z) is divided by 12?
11
Suppose -642 = 3*y - 6*y. Suppose 0*a + 4*a + 96 = 2*l, 0 = 5*l + 4*a - 282. What is the remainder when y is divided by l?
52
Let d(q) = 4*q**2 + 5 - 15*q + 4*q - 3*q**2. Let m be d(12). Suppose 3*t + 66 = 5*c - 1, 0 = 3*c + 4*t - m. Calculate the remainder when 52 is divided by c.
8
Suppose 22 - 99 = -5*p - 4*m, -4*p + 78 = -5*m. Let y = p - 36. Calculate the remainder when 75 is divided by y*(3 + (-3 - 1)).
18
Let a = -574 - -615. Calculate the remainder when 159 is divided by a.
36
Let m = 2504 - 2480. What is the remainder when m is divided by 21?
3
Suppose 5*b = 4*b + 7. Let f(r) = 26*r**2 - r - 10. Let c(n) = -n**3 + n**2 + n. Let h(g) = -c(g) - f(g). What is the remainder when h(27) is divided by b?
3
Let h be (-197)/3 + (-4)/(-6). Let q be (-126 - -2)/((-6)/3 - -3). Let p = h - q. What is the remainder when p is divided by 15?
14
Suppose 36*b = 24*b + 120. Calculate the remainder when 47 is divided by b.
7
Suppose -3*t + 22 = -29. Let s = 2 - 6. Let x = t - s. Calculate the remainder when 82 is divided by x.
19
Suppose 0 = 5*u - 6*u + 65. Let v = u + -35. What is the remainder when v is divided by 11?
8
Suppose -5 = -r + 2. Suppose 0 = r*q - 30 - 187. What is the remainder when q is divided by 11?
9
Calculate the remainder when 3 + (-5 - 0)*(-7 + 0) is divided by 20.
18
Suppose f = -3*f + 112. Calculate the remainder when 3/(54/8) - (29 - 24494/333) is divided by f.
17
Let g = 97 + -28. What is the remainder when g is divided by 19?
12
Calculate the remainder when (-720)/108*(-264)/20 is divided by 5.
3
Let b(i) = -8 + i**2 + 26 + 0*i**2. Suppose 3*v - 90 = -6*v. What is the remainder when b(0) is divided by v?
8
Let v = -58 - -69. Let t(c) = -c**3 + 26. Calculate the remainder when t(0) is divided by v.
4
Let g(i) = i**3 + 13*i**2 - 13*i - 14. Let f be g(-14). What is the remainder when 44 is divided by f/(-35)*(-2 + 23 + -1)?
12
Suppose -5*c + 756 + 739 = 0. Let p = c - 202. What is the remainder when p is divided by 25?
22
Suppose 4*b = -14 - 34. Let d = -46 + -44. Calculate the remainder when 8 is divided by ((-6)/(-9))/(b/d).
3
Suppose -g + 34 = -16*w + 15*w, 6 = 3*w. Calculate the remainder when 94 is divided by g.
22
Suppose 6*a + 0*a - 312 = 0. Suppose 9 = 3*w - 33. Calculate the remainder when a is divided by w.
10
Suppose -4*a + 53 = 9. Suppose -4*j = -20, -11*j + 12*j = -5*c + 320. What is the remainder when c is divided by a?
8
Let l = 49 - 44. Suppose 496 = l*a - 579. Calculate the remainder when a is divided by 12.
11
Let a(i) = -i**2 + 9*i + 134. Calculate the remainder when 55 is divided by a(16).
11
Suppose -1356 + 6 = -50*f. What is the remainder when 215 is divided by f?
26
What is the remainder when -3 - (-2 + -3 + -55) is divided by 11?
2
What is the remainder when 22 is divided by (-4)/4 + 49/7?
4
Suppose c - 3*c - 5*s = -68, -5*c + 2*s = -199. Suppose -21 + 53 = 2*p - 4*d, 5*d + 65 = 5*p. What is the remainder when c is divided by p?
9
Suppose 2*k - 2*u - 274 = 930, -4*u = 4. Calculate the remainder when k is divided by 67.
65
Suppose 5*x - 15 = 5. Suppose 3*j - 12 = b - 0*j, 16 = 4*b + x*j. Suppose 3*u - 7*u + 76 = b. Calculate the remainder when 74 is divided by u.
17
Let m(g) = -40*g + 191. Calculate the remainder when m(0) is divided by 23.
7
Suppose 2*r - 2*m = -3*r + 5, -5*r - 3*m = -30. Suppose -r*k + 93 = -0*k - g, 3*g - 124 = -4*k. What is the remainder when k is divided by 12?
7
Suppose 5*r = 21 + 64. Calculate the remainder when r is divided by -19 + 38 + 6 + -23.
1
Suppose 45 = -0*f + f. Let p be 549/12 - (-2)/8. Let v = p - 34. What is the remainder when f is divided by v?
9
Suppose 0 = 34*n - 26*n - 824. Calculate the remainder when n is divi